10
-e77695 (base 15) to base 7
-162406166
What is -2d861 (base 15) in base 9?
-243601
What is -323213332 (base 5) in base 9?
-2536185
What is 201100021121 (base 3) in base 7?
3144016
ca913c (base 13) to base 7
55316546
What is -878852 (base 9) in base 6?
-15125502
What is -4016a (base 11) in base 14?
-175b3
What is -20021221101112 (base 3) in base 15?
-46115b
b996 (base 14) to base 11
22114
Convert 11111111000110011101110 (base 2) to base 13.
1968a57
-27160 (base 13) to base 9
-120711
What is -1bb64 (base 14) in base 11?
-49254
What is 261a8 (base 13) in base 12?
34a43
Convert 196ee (base 16) to base 12.
50352
What is 8032382 (base 9) in base 6?
231330202
1339421 (base 12) to base 11
2173161
4912e (base 15) to base 8
707270
187422 (base 13) to base 9
1137723
What is 201110200011111 (base 3) in base 7?
153642436
64514 (base 9) to base 11
2a099
346572 (base 9) to base 10
208235
295010 (base 14) to base 13
3b32b4
Convert -3032231032 (base 4) to base 13.
-2384b6
Convert -416300 (base 7) to base 10.
-71834
What is 14103352 (base 8) in base 13?
87471b
Convert 2100022032 (base 4) to base 13.
1789c5
What is -4277 (base 10) in base 15?
-1402
Convert 9963 (base 13) to base 4.
11031333
What is -1d45d1 (base 15) in base 7?
-15113602
-111020001212001 (base 3) to base 16
-6b3dd6
19a685 (base 14) to base 10
912301
22dd1b (base 15) to base 7
20111360
What is -21311201302 (base 4) in base 16?
-275872
-13063044 (base 7) to base 4
-10203000111
Convert 3800210 (base 12) to base 2.
101001110001000100101100
What is -4213431411 (base 5) in base 15?
-b779db
Convert 45303552 (base 6) to base 15.
1c30e2
Convert 10344612 (base 8) to base 11.
1282694
Convert 232025 (base 12) to base 10.
563357
What is -2d68bd (base 15) in base 3?
-11010201121021
Convert -110278 (base 11) to base 9.
-287406
Convert 272191 (base 14) to base 13.
383849
Convert -195a51 (base 11) to base 9.
-507476
What is -32111011 (base 4) in base 8?
-162505
What is -515450 (base 6) in base 4?
-22013112
10110100010101110001110 (base 2) to base 10
5909390
-9b2ca (base 14) to base 10
-376498
Convert 72366 (base 10) to base 15.
16696
-2823a0 (base 15) to base 14
-383b9b
1200212222100 (base 3) to base 8
3344055
Convert 559337 (base 12) to base 6.
45122111
Convert -212012201101102 (base 3) to base 10.
-12335690
Convert -22403424 (base 5) to base 16.
-30f29
2402033112 (base 5) to base 15
73a48c
Convert -25425145 (base 6) to base 13.
-22cb4a
210122221221 (base 3) to base 12
186944
What is -10500321 (base 6) in base 13?
-b2228
Convert 1100202102 (base 4) to base 5.
41023444
20a38 (base 15) to base 5
11303203
132303032002 (base 4) to base 11
4615224
What is 103541062 (base 7) in base 12?
20b693a
Convert -64951 (base 11) to base 3.
-11210101011
What is -21123322322 (base 4) in base 12?
-9b3622
What is -1205144420 (base 6) in base 11?
-77a7151
What is 100510535 (base 6) in base 14?
32ab6b
What is -383685 (base 10) in base 13?
-105843
What is -4131425 (base 6) in base 14?
-52585
-224127 (base 11) to base 2
-1010111000111111010
-3383073 (base 9) to base 8
-6756643
What is 160560 (base 13) in base 16?
84b5e
10120020222 (base 3) to base 14
1b804
2352315 (base 6) to base 15
2699b
Convert -332320103 (base 4) to base 5.
-31220210
42441 (base 12) to base 9
142334
-16a493 (base 12) to base 10
-391215
Convert -354ef (base 16) to base 8.
-652357
1110011101110010 (base 2) to base 15
12850
Convert -1121022012200 (base 3) to base 5.
-204233404
Convert -4b2558 (base 16) to base 13.
-1035779
What is -187243 (base 9) in base 7?
-664434
12211011111210 (base 3) to base 5
1242443034
Convert -7525043 (base 8) to base 3.
-10210002200221
-1901714 (base 10) to base 9
-3517585
What is -1652400 (base 11) in base 3?
-12021222101022
Convert -78c1e7 (base 16) to base 14.
-10a014b
What is -33323331 (base 4) in base 11?
-45053
Convert 2264604 (base 8) to base 5.
124214321
What is 49d87 (base 14) in base 8?
541443
3524014 (base 6) to base 16
2c82a
What is -1ac99 (base 15) in base 8?
-252263
What is 6db36 (base 14) in base 13?
95200
What is 4a2dc8 (base 16) in base 4?
102202313020
-100001000010100010 (base 2) to base 10
-135330
100001001011101011001 (base 2) to base 5
234243241
-13784 (base 9) to base 13
-4375
Convert 39336 (base 16) to base 10.
234294
What is -1ca87 (base 16) in base 9?
-188015
What is 11101000000011011 (base 2) in base 3?
20000222102
Convert -163573 (base 8) to base 2.
-1110011101111011
What is 10010011001010001 (base 2) in base 13?
283aa
What is -112002201111 (base 3) in base 11?
-17a585
What is -233 (base 13) in base 2?
-101111100
-310202 (base 4) to base 7
-12542
Convert -113913 (base 12) to base 10.
-276063
Convert 431043022 (base 5) to base 3.
10102020020120
What is -4344312040 (base 5) in base 15?
-c512d0
Convert -145150054 (base 6) to base 5.
-1240000210
-20111021020222 (base 3) to base 13
-93a316
What is 10311134 (base 6) in base 9?
514134
6ae3c (base 15) to base 13
bc103
What is -4b8b7 (base 13) in base 16?
-22289
What is -4a69a0 (base 16) in base 7?
-56310540
Convert 13613432 (base 7) to base 10.
1280981
Convert -3ba2d (base 15) to base 7.
-1424464
What is -516805 (base 9) in base 4?
-1022322101
What is 16d09e (base 16) in base 13?
404743
What is -34122044 (base 5) in base 3?
-120022121120
1010000110100100111 (base 2) to base 14
88903
Convert -4497278 (base 10) to base 6.
-240220422
Convert -11310344 (base 5) to base 16.
-195a9
What is 219a64 (base 15) in base 8?
6071056
What is 2406698 (base 10) in base 5?
1104003243
-516807 (base 9) to base 13
-a9879
Convert -410035 (base 7) to base 5.
-4212110
-543542 (base 9) to base 4
-1033020113
100000001000001110 (base 2) to base 12
641a6
-141044202 (base 5) to base 15
-e3d02
301c49 (base 13) to base 12
45b105
63470 (base 9) to base 15
c660
What is 1001101100000101100 (base 2) in base 7?
2461416
237 (base 11) to base 4
10122
What is -a20f (base 16) in base 5?
-2311422
What is -10133530 (base 6) in base 12?
-1212a6
-14523064 (base 7) to base 16
-151e73
What is -333213 (base 9) in base 14?
-5283d
What is 1123442201 (base 5) in base 9?
4734572
What is 238b22 (base 16) in base 11?
1351107
Convert -904c5 (base 14) to base 2.
-1010100101001001101
12335245 (base 6) to base 4
1202003231
Convert -11101202102 (base 3) to base 7.
-510254
Convert -4325351 (base 6) to base 7.
-1550134
-1222021220222 (base 3) to base 9
-1867828
Convert -1154723 (base 8) to base 14.
-83bd9
6216542 (base 7) to base 2
10110101101100110010
What is -3b020 (base 13) in base 4?
-122310310
Convert -484333 (base 9) to base 13.
-a2b0a
70906 (base 10) to base 16
114fa
Convert 3ed375 (base 15) to base 2.
1011100100000111101111
-274286 (base 14) to base 12
-5548ba
What is -21330002130 (base 4) in base 15?
-366dac
Convert 330030221 (base 4) to base 2.
111100001100101001
What is 1433311442 (base 5) in base 15?
503082
-1b367 (base 16) to base 8
-331547
Convert -1020121220211 (base 3) to base 16.
-a1971
-290420 (base 15) to base 7
-22534623
142321002 (base 7) to base 8
43525317
20b28 (base 13) to base 16
e687
-2001202200 (base 4) to base 11
-332707
What is ba2219 (base 13) in base 7?
52116620
What is -16d588 (base 15) in base 3?
-2002022020102
What is 130220203 (base 4) in base 2?
11100101000100011
Convert 3b031b (base 12) to base 14.
1b54a3
Convert 1a5d8 (base 15) to base 6.
1500435
-1003231032 (base 4) to base 5
-32333301
What is -2402926 (base 10) in base 9?
-4462167
1b617 (base 13) to base 5
3210022
What is 11340334333 (base 5) in base 8?
62322370
Convert 881767 (base 13) to base 5.
1304433142
-1100101111110000101 (base 2) to base 3
-210012221020
Convert -2404156 (base 10) to base 13.
-6623a1
1010100110101001111 (base 2) to base 14
908b5
Convert -10434044123 (base 5) to base 9.
-23782602
Convert 8239c3 (base 16) to base 8.
40434703
Convert 25230 (base 9) to base 15.
5056
20121102211 (base 3) to base 15
28821
Convert 100011011011000100011 (base 2) to base 7.
12603036
12570117 (base 8) to base 7
32630113
-1000100011101100001111 (base 2) to base 13
-60712b
What is 20175 (base 11) in base 4?
13030231
Convert -11479 (base 15) to base 12.
-27a06
What is 2230555 (base 9) in base 14?
233a22
Convert -324421 (base 6) to base 12.
-13711
What is 11100111111100010101 (base 2) in base 15?
13b75c
Convert 42a06 (base 12) to base 11.
60